{"id":510,"date":"2017-02-22T14:56:49","date_gmt":"2017-02-22T14:56:49","guid":{"rendered":"http:\/\/disseny.recursos.uoc.edu\/recursos\/tipo\/?page_id=510"},"modified":"2023-02-28T09:41:56","modified_gmt":"2023-02-28T09:41:56","slug":"presentacio","status":"publish","type":"page","link":"http:\/\/disseny.recursos.uoc.edu\/recursos\/tipo\/","title":{"rendered":"Presentaci\u00f3"},"content":{"rendered":"<p>La lletra \u00e9s la unitat m\u00ednima de qualsevol contingut textual. A partir de la combinaci\u00f3 de lletres, formem paraules, la successi\u00f3 de les quals donar\u00e0 lloc a frases. Si la frase s\u2019est\u00e9n m\u00e9s enll\u00e0 d\u2019una l\u00ednia, generar\u00e0 una ordenaci\u00f3 consecutiva d\u2019aquestes, fins que l\u2019\u00faltima l\u00ednia es trobi amb un punt i a part. Aquest signe marcar\u00e0 el final del conjunt de frases, que anomenem par\u00e0graf. Un text pot estar format per un par\u00e0graf o m\u00e9s que guarden relaci\u00f3 entre si. Normalment, cada par\u00e0graf expressa una idea. Els textos expressen missatges complets de manera clara i ordenada.<\/p>\n<p>L\u2019assignatura de <em>Tipografia<\/em> aborda des del nivell m\u00e9s micro (lletres) fins al m\u00e9s macro (textos), i estar\u00e0 estructurada en els eixos seg\u00fcents:<\/p>\n<ol>\n<li>LLETRES<br \/>\nIntroducci\u00f3 a la tipografia, comen\u00e7ant pels aspectes m\u00e9s elementals, com l\u2019anatomia de les lletres i la terminologia habitual de la disciplina.<\/li>\n<li>PARAULES<br \/>\nComposici\u00f3 de paraules, espaiat entre lletres, elecci\u00f3 i combinaci\u00f3 de fonts, i expressivitat de la lletra.\u00a0Jerarquia tipogr\u00e0fica i llegibilitat. Crims tipogr\u00e0fics.<\/li>\n<li>TEXTOS<br \/>\nComposici\u00f3 macrotipogr\u00e0fica: par\u00e0grafs, alineacions, textura tipogr\u00e0fica, graella compositiva, etc.<\/li>\n<\/ol>\n<p>&nbsp;<\/p>","protected":false},"excerpt":{"rendered":"<p>La lletra \u00e9s la unitat m\u00ednima de qualsevol contingut textual. A partir de la combinaci\u00f3 de lletres, formem paraules, la successi\u00f3 de les quals donar\u00e0 lloc a frases. Si la frase s\u2019est\u00e9n m\u00e9s enll\u00e0 d\u2019una l\u00ednia, generar\u00e0 una ordenaci\u00f3 consecutiva d\u2019aquestes, fins que l\u2019\u00faltima l\u00ednia es trobi amb un punt i a part. Aquest signe [&hellip;]<\/p>\n","protected":false},"author":1,"featured_media":0,"parent":0,"menu_order":0,"comment_status":"closed","ping_status":"closed","template":"","meta":[],"acf":[],"_links":{"self":[{"href":"http:\/\/disseny.recursos.uoc.edu\/recursos\/tipo\/wp-json\/wp\/v2\/pages\/510"}],"collection":[{"href":"http:\/\/disseny.recursos.uoc.edu\/recursos\/tipo\/wp-json\/wp\/v2\/pages"}],"about":[{"href":"http:\/\/disseny.recursos.uoc.edu\/recursos\/tipo\/wp-json\/wp\/v2\/types\/page"}],"author":[{"embeddable":true,"href":"http:\/\/disseny.recursos.uoc.edu\/recursos\/tipo\/wp-json\/wp\/v2\/users\/1"}],"replies":[{"embeddable":true,"href":"http:\/\/disseny.recursos.uoc.edu\/recursos\/tipo\/wp-json\/wp\/v2\/comments?post=510"}],"version-history":[{"count":32,"href":"http:\/\/disseny.recursos.uoc.edu\/recursos\/tipo\/wp-json\/wp\/v2\/pages\/510\/revisions"}],"predecessor-version":[{"id":998,"href":"http:\/\/disseny.recursos.uoc.edu\/recursos\/tipo\/wp-json\/wp\/v2\/pages\/510\/revisions\/998"}],"wp:attachment":[{"href":"http:\/\/disseny.recursos.uoc.edu\/recursos\/tipo\/wp-json\/wp\/v2\/media?parent=510"}],"curies":[{"name":"wp","href":"https:\/\/api.w.org\/{rel}","templated":true}]}}