{"id":240,"date":"2017-01-26T12:32:33","date_gmt":"2017-01-26T12:32:33","guid":{"rendered":"http:\/\/disseny.recursos.uoc.edu\/recursos\/tipo\/?page_id=240"},"modified":"2021-07-20T06:13:42","modified_gmt":"2021-07-20T06:13:42","slug":"3-textos-7","status":"publish","type":"page","link":"http:\/\/disseny.recursos.uoc.edu\/recursos\/tipo\/3-textos-7\/","title":{"rendered":"3. Textos"},"content":{"rendered":"<p><\/p>\n<h3><strong>3.7. Separaci\u00f3 de par\u00e0grafs<\/strong><\/h3>\n<p>Els canvis de par\u00e0graf distingeixen els punts i a part dels punts i seguit, per la qual cosa s\u00f3n especialment \u00fatils en textos llargs. Indicar els par\u00e0grafs \u00e9s, doncs, una q\u00fcesti\u00f3 funcional i no nom\u00e9s est\u00e8tica. Hi ha diverses maneres de marcar els salts de par\u00e0graf:<\/p>\n<ol>\n<li>Utilitzar el s\u00edmbol de par\u00e0graf.<\/li>\n<li>Deixar un espai blanc m\u00e9s gran que el que es deixa entre paraules.<\/li>\n<li>Fer sobresortir la primera l\u00ednia (sagnat franc\u00e8s).<\/li>\n<li>Deixar una l\u00ednia en blanc.<\/li>\n<li>Fer un sagnat convencional.<\/li>\n<\/ol>\n<p>&nbsp;<\/p>\n<div id=\"attachment_181\" style=\"width: 760px\" class=\"wp-caption alignnone\"><img aria-describedby=\"caption-attachment-181\" loading=\"lazy\" class=\"img-responsive wp-image-181 size-full\" src=\"http:\/\/disseny.recursos.uoc.edu\/recursos\/tipo\/wp-content\/uploads\/sites\/18\/2017\/01\/Tipografia_Materiales-M4_Pagina_11_Imagen_0001.png\" alt=\"Figura 94\" width=\"750\" height=\"605\" srcset=\"http:\/\/disseny.recursos.uoc.edu\/recursos\/tipo\/wp-content\/uploads\/sites\/18\/2017\/01\/Tipografia_Materiales-M4_Pagina_11_Imagen_0001.png 750w, http:\/\/disseny.recursos.uoc.edu\/recursos\/tipo\/wp-content\/uploads\/sites\/18\/2017\/01\/Tipografia_Materiales-M4_Pagina_11_Imagen_0001-300x242.png 300w\" sizes=\"(max-width: 750px) 100vw, 750px\" \/><p id=\"caption-attachment-181\" class=\"wp-caption-text\">Figura\u00a0101<\/p><\/div>\n<p>&nbsp;<\/p>\n<p>Actualment, les m\u00e9s utilitzades en projectes editorials s\u00f3n la l\u00ednia en blanc i el sagnat. Les tres primeres estan en des\u00fas.<\/p>\n<p>La majoria d\u2019aplicacions de composici\u00f3 de text permeten generar un espai anterior o posterior al par\u00e0graf amb valors mesurats per punts o percentatges. Si la separaci\u00f3 resulta tan ampla com una l\u00ednia en blanc, el text pot apar\u00e8ixer massa fragmentat. Tanmateix, si es vol treballar amb reixeta tipogr\u00e0fica, ser\u00e0 inevitable que aquesta separaci\u00f3 sigui la d\u2019una l\u00ednia en blanc. En cas que sigui excessiva s\u2019haur\u00e0 de rec\u00f3rrer a la sagnia.<\/p>\n<p>La reixeta tipogr\u00e0fica (o quadr\u00edcula base) \u00e9s el conjunt de l\u00ednies horitzontals imagin\u00e0ries que determina l\u2019interlineat del text principal (o text base) i controla la col\u00b7locaci\u00f3 dels textos en les p\u00e0gines perqu\u00e8 s\u2019hi recolzin a sobre per les seves l\u00ednies base i tinguin, aix\u00ed, una aparen\u00e7a ordenada i c\u00f2moda per a la vista.<\/p>\n<p>&nbsp;<\/p>\n<h4><strong>Conclusions<\/strong><\/h4>\n<p>Els canvis de par\u00e0graf distingeixen els punts i a part dels punts i seguit, per la qual cosa s\u00f3n especialment \u00fatils en textos llargs. Indicar els par\u00e0grafs \u00e9s, doncs, una q\u00fcesti\u00f3 funcional i no nom\u00e9s est\u00e8tica.<\/p>","protected":false},"excerpt":{"rendered":"<p>3.7. Separaci\u00f3 de par\u00e0grafs Els canvis de par\u00e0graf distingeixen els punts i a part dels punts i seguit, per la qual cosa s\u00f3n especialment \u00fatils en textos llargs. Indicar els par\u00e0grafs \u00e9s, doncs, una q\u00fcesti\u00f3 funcional i no nom\u00e9s est\u00e8tica. Hi ha diverses maneres de marcar els salts de par\u00e0graf: Utilitzar el s\u00edmbol de par\u00e0graf. [&hellip;]<\/p>\n","protected":false},"author":1,"featured_media":0,"parent":0,"menu_order":0,"comment_status":"closed","ping_status":"closed","template":"","meta":[],"acf":[],"_links":{"self":[{"href":"http:\/\/disseny.recursos.uoc.edu\/recursos\/tipo\/wp-json\/wp\/v2\/pages\/240"}],"collection":[{"href":"http:\/\/disseny.recursos.uoc.edu\/recursos\/tipo\/wp-json\/wp\/v2\/pages"}],"about":[{"href":"http:\/\/disseny.recursos.uoc.edu\/recursos\/tipo\/wp-json\/wp\/v2\/types\/page"}],"author":[{"embeddable":true,"href":"http:\/\/disseny.recursos.uoc.edu\/recursos\/tipo\/wp-json\/wp\/v2\/users\/1"}],"replies":[{"embeddable":true,"href":"http:\/\/disseny.recursos.uoc.edu\/recursos\/tipo\/wp-json\/wp\/v2\/comments?post=240"}],"version-history":[{"count":14,"href":"http:\/\/disseny.recursos.uoc.edu\/recursos\/tipo\/wp-json\/wp\/v2\/pages\/240\/revisions"}],"predecessor-version":[{"id":913,"href":"http:\/\/disseny.recursos.uoc.edu\/recursos\/tipo\/wp-json\/wp\/v2\/pages\/240\/revisions\/913"}],"wp:attachment":[{"href":"http:\/\/disseny.recursos.uoc.edu\/recursos\/tipo\/wp-json\/wp\/v2\/media?parent=240"}],"curies":[{"name":"wp","href":"https:\/\/api.w.org\/{rel}","templated":true}]}}