{"id":237,"date":"2017-01-26T12:30:02","date_gmt":"2017-01-26T12:30:02","guid":{"rendered":"http:\/\/disseny.recursos.uoc.edu\/recursos\/tipo\/?page_id=237"},"modified":"2021-07-20T06:13:14","modified_gmt":"2021-07-20T06:13:14","slug":"3-textos-6","status":"publish","type":"page","link":"http:\/\/disseny.recursos.uoc.edu\/recursos\/tipo\/3-textos-6\/","title":{"rendered":"3. Textos"},"content":{"rendered":"<p><\/p>\n<h3><strong>3.6. Ajustos de partici\u00f3 i justificaci\u00f3<\/strong><\/h3>\n<p>Per a compondre un bloc de text justificat les aplicacions de maquetaci\u00f3 segueixen la rutina seg\u00fcent: en primer lloc van omplint les l\u00ednies d\u2019esquerra a dreta amb els successius car\u00e0cters fins a arribar al final de la columna. Si l\u2019\u00faltima paraula no hi cap, poden tallar-la o no, depenent de si els ho hem indicat i de si les regles de partici\u00f3 de l\u2019idioma amb el qual estiguem treballant ho permeten. Despr\u00e9s acomodaran els espais perqu\u00e8 la l\u00ednia arribi exactament fins a l\u2019extrem dret de la columna. En primer lloc modificaran els espais entre paraules i despr\u00e9s, els espais entre lletres segons els par\u00e0metres indicats en la taula de justificaci\u00f3.<\/p>\n<p>Els <strong>ajustos de partici\u00f3<\/strong> permeten determinar la relaci\u00f3 entre un millor espaiat i una menor quantitat de partici\u00f3 de paraules. A l\u2019InDesign es troben en la taula de configuraci\u00f3 de \u00abseparaci\u00f3 per s\u00edl\u00b7labes\u00bb i tamb\u00e9 es pot evitar que se separin les paraules en maj\u00fascula i l\u2019\u00faltima paraula d\u2019un par\u00e0graf. \u00c9s important limitar el m\u00e0xim de guions seguits en filera (l\u00edmit de separaci\u00f3); l\u2019ideal seria limitar-los a un o dos, sempre que es mantingui un espaiat correcte.<\/p>\n<div id=\"attachment_178\" style=\"width: 585px\" class=\"wp-caption alignnone\"><img aria-describedby=\"caption-attachment-178\" loading=\"lazy\" class=\"img-responsive wp-image-178 size-full\" src=\"http:\/\/disseny.recursos.uoc.edu\/recursos\/tipo\/wp-content\/uploads\/sites\/18\/2017\/01\/Tipografia_Materiales-M4_Pagina_09_Imagen_0001.png\" alt=\"Figura 91\" width=\"575\" height=\"260\" srcset=\"http:\/\/disseny.recursos.uoc.edu\/recursos\/tipo\/wp-content\/uploads\/sites\/18\/2017\/01\/Tipografia_Materiales-M4_Pagina_09_Imagen_0001.png 575w, http:\/\/disseny.recursos.uoc.edu\/recursos\/tipo\/wp-content\/uploads\/sites\/18\/2017\/01\/Tipografia_Materiales-M4_Pagina_09_Imagen_0001-300x136.png 300w\" sizes=\"(max-width: 575px) 100vw, 575px\" \/><p id=\"caption-attachment-178\" class=\"wp-caption-text\">Figura 98<\/p><\/div>\n<p>&nbsp;<\/p>\n<p>Els <strong>ajustos de justificaci\u00f3<\/strong> s\u00f3n les especificacions que es donen a un text per a determinar els espais m\u00e0xims, m\u00ednims i \u00f2ptims entre paraules i lletres. Els valors per defecte de l\u2019InDesign s\u00f3n 80%, 100% i 133% per a l\u2019espaiat entre paraules i 0%, 0% i 0% per a l\u2019espaiat entre lletres.<\/p>\n<div id=\"attachment_179\" style=\"width: 585px\" class=\"wp-caption alignnone\"><img aria-describedby=\"caption-attachment-179\" loading=\"lazy\" class=\"img-responsive wp-image-179 size-full\" src=\"http:\/\/disseny.recursos.uoc.edu\/recursos\/tipo\/wp-content\/uploads\/sites\/18\/2017\/01\/Tipografia_Materiales-M4_Pagina_09_Imagen_0002.png\" alt=\"Figura 92\" width=\"575\" height=\"209\" srcset=\"http:\/\/disseny.recursos.uoc.edu\/recursos\/tipo\/wp-content\/uploads\/sites\/18\/2017\/01\/Tipografia_Materiales-M4_Pagina_09_Imagen_0002.png 575w, http:\/\/disseny.recursos.uoc.edu\/recursos\/tipo\/wp-content\/uploads\/sites\/18\/2017\/01\/Tipografia_Materiales-M4_Pagina_09_Imagen_0002-300x109.png 300w\" sizes=\"(max-width: 575px) 100vw, 575px\" \/><p id=\"caption-attachment-179\" class=\"wp-caption-text\">Figura 99<\/p><\/div>\n<p>&nbsp;<\/p>\n<p>Un bon punt de partida per a comen\u00e7ar a provar valors \u00e9s adjudicar 90%, 100% i 110% per a l\u2019espaiat entre paraules i \u20135%, 0% i 5% per a l\u2019espaiat entre lletres, encara que no hi ha f\u00f3rmules m\u00e0giques per als par\u00e0metres de partici\u00f3 i justificaci\u00f3. \u00c9s m\u00e9s, es necessiten diferents taules depenent del tipus de lletra, del cos i, sobretot, de l\u2019amplada de columna. \u00c9s important entendre com funcionen i provar els diferents efectes que tenen sobre la columna de text.<\/p>\n<div id=\"attachment_298\" style=\"width: 760px\" class=\"wp-caption alignnone\"><img aria-describedby=\"caption-attachment-298\" loading=\"lazy\" class=\"img-responsive wp-image-298 size-full\" src=\"http:\/\/disseny.recursos.uoc.edu\/recursos\/tipo\/wp-content\/uploads\/sites\/18\/2017\/01\/Tipografia_Materiales-M4_Pagina_10_Imagen_0001-1.png\" alt=\"Figura 93\" width=\"750\" height=\"730\" srcset=\"http:\/\/disseny.recursos.uoc.edu\/recursos\/tipo\/wp-content\/uploads\/sites\/18\/2017\/01\/Tipografia_Materiales-M4_Pagina_10_Imagen_0001-1.png 750w, http:\/\/disseny.recursos.uoc.edu\/recursos\/tipo\/wp-content\/uploads\/sites\/18\/2017\/01\/Tipografia_Materiales-M4_Pagina_10_Imagen_0001-1-300x292.png 300w\" sizes=\"(max-width: 750px) 100vw, 750px\" \/><p id=\"caption-attachment-298\" class=\"wp-caption-text\">Figura\u00a0100<\/p><\/div>\n<p>&nbsp;<\/p>\n<h4><strong>Conclusions<\/strong><\/h4>\n<p>Els ajustos de partici\u00f3 permeten determinar la relaci\u00f3 entre un millor espaiat i una menor quantitat de partici\u00f3 de paraules.<\/p>\n<p>Els ajustos de justificaci\u00f3 s\u00f3n les especificacions que es donen a un text per a determinar els espais m\u00e0xims, m\u00ednims i \u00f2ptims entre paraules i lletres.<\/p>","protected":false},"excerpt":{"rendered":"<p>3.6. Ajustos de partici\u00f3 i justificaci\u00f3 Per a compondre un bloc de text justificat les aplicacions de maquetaci\u00f3 segueixen la rutina seg\u00fcent: en primer lloc van omplint les l\u00ednies d\u2019esquerra a dreta amb els successius car\u00e0cters fins a arribar al final de la columna. Si l\u2019\u00faltima paraula no hi cap, poden tallar-la o no, depenent [&hellip;]<\/p>\n","protected":false},"author":1,"featured_media":0,"parent":0,"menu_order":0,"comment_status":"closed","ping_status":"closed","template":"","meta":[],"acf":[],"_links":{"self":[{"href":"http:\/\/disseny.recursos.uoc.edu\/recursos\/tipo\/wp-json\/wp\/v2\/pages\/237"}],"collection":[{"href":"http:\/\/disseny.recursos.uoc.edu\/recursos\/tipo\/wp-json\/wp\/v2\/pages"}],"about":[{"href":"http:\/\/disseny.recursos.uoc.edu\/recursos\/tipo\/wp-json\/wp\/v2\/types\/page"}],"author":[{"embeddable":true,"href":"http:\/\/disseny.recursos.uoc.edu\/recursos\/tipo\/wp-json\/wp\/v2\/users\/1"}],"replies":[{"embeddable":true,"href":"http:\/\/disseny.recursos.uoc.edu\/recursos\/tipo\/wp-json\/wp\/v2\/comments?post=237"}],"version-history":[{"count":13,"href":"http:\/\/disseny.recursos.uoc.edu\/recursos\/tipo\/wp-json\/wp\/v2\/pages\/237\/revisions"}],"predecessor-version":[{"id":912,"href":"http:\/\/disseny.recursos.uoc.edu\/recursos\/tipo\/wp-json\/wp\/v2\/pages\/237\/revisions\/912"}],"wp:attachment":[{"href":"http:\/\/disseny.recursos.uoc.edu\/recursos\/tipo\/wp-json\/wp\/v2\/media?parent=237"}],"curies":[{"name":"wp","href":"https:\/\/api.w.org\/{rel}","templated":true}]}}