{"id":491,"date":"2017-06-22T06:57:59","date_gmt":"2017-06-22T06:57:59","guid":{"rendered":"http:\/\/disseny.recursos.uoc.edu\/recursos\/dis-marca\/?page_id=491"},"modified":"2017-07-13T09:32:04","modified_gmt":"2017-07-13T09:32:04","slug":"glosario","status":"publish","type":"page","link":"http:\/\/disseny.recursos.uoc.edu\/recursos\/dis-marca\/glosario\/","title":{"rendered":"Glosario"},"content":{"rendered":"<p><strong>alineaci\u00f3n<\/strong> <em>f <\/em>Manera en que se ordenan las l\u00edneas de texto de un p\u00e1rrafo.<br \/>\nsin.<strong> marginaci\u00f3n<br \/>\n<\/strong>sin.<strong> justificaci\u00f3n<\/strong><\/p>\n<p><strong>arte final<\/strong> <em>m <\/em>Material completamente terminado y preparado para pasar a fotolitos y ser impreso de manera adecuada.<\/p>\n<p><strong>asta<\/strong> <em>f <\/em>Trazo vertical o diagonal de una letra.<\/p>\n<p><strong>audiencia<\/strong> <em>f <\/em>Grupo de personas a las que va dirigido el producto editorial.<\/p>\n<p><strong><em>branding <\/em><\/strong><em>m<\/em> Proceso de crear y construir una marca de manera que sea reconocible, ya sea por su imagen (creaci\u00f3n de logo) o sus peculiaridades.<\/p>\n<p><strong>calle<\/strong> <em>f <\/em>Espacio entre las columnas de texto.<\/p>\n<p><strong>campo<\/strong> <strong>reticular<\/strong> <em>m<\/em> Es la unidad de espacio que resulta de la divisi\u00f3n de la superficie con una ret\u00edcula o grilla. Suelen ser proporcionales, aunque pueden unirse entre s\u00ed para crear campos reticulares m\u00e1s complejos. La altura del campo reticular vendr\u00e1 determinada por un n\u00famero de l\u00edneas de texto, y el ancho, por las columnas.<\/p>\n<p><strong>cintillo<\/strong> <em>m <\/em>Recurso gr\u00e1fico que marca la secci\u00f3n de la revista en la que nos encontramos.<\/p>\n<p><strong>corondel<\/strong> <em>m <\/em>Filete que se utiliza entre columnas de texto.<\/p>\n<p><strong>CTP <\/strong><em>m <\/em>V\u00e9ase <strong>directo a plancha<\/strong>.<\/p>\n<p><strong>directo a plancha <\/strong><em>m <\/em>Proceso de trasladar el arte final a los fotolitos de impresi\u00f3n.<br \/>\nsigla<strong> CTP<\/strong><\/p>\n<p><strong>editorial de moda<\/strong> <em>m <\/em>Relato fotogr\u00e1fico en el que se narra una historia de manera visual, con valores est\u00e9ticos y art\u00edsticos, y con el que se pretende transmitir una idea, una tendencia o un concepto.<\/p>\n<p><strong>engamar<\/strong> <em>v tr <\/em>Utilizar colores de la misma familia crom\u00e1tica, de manera que todo quede en tonos similares y arm\u00f3nicos.<\/p>\n<p><strong>ferro<\/strong> <em>m <\/em>Prueba de impresi\u00f3n de cada uno de los pliegos que la imprenta lleva a cabo, ya montados y completos para imposici\u00f3n.<\/p>\n<p><strong>filete<\/strong> <em>m <\/em>L\u00ednea vertical u horizontal que se utiliza para marcar un espacio o para separar zonas.<\/p>\n<p><strong>gama<\/strong> <em>f <\/em>Escala o gradaci\u00f3n de un color en funci\u00f3n de todos sus matices y saturaciones.<\/p>\n<p><strong>gracia<\/strong> <em>f <\/em>Peque\u00f1o adorno que aparece ubicado en los extremos de las l\u00edneas de los caracteres tipogr\u00e1ficos.<br \/>\nsin.<strong> remate<\/strong><br \/>\nsin.<strong> terminal<\/strong><br \/>\nsin.<strong> pat\u00edn<\/strong><br \/>\nsin.<strong> serifa<\/strong><\/p>\n<p><strong>hojas de estilo<\/strong> <em>f pl <\/em>Etiquetas que permiten dar una serie de atributos a un grupo de textos, ya sean de tama\u00f1o, color, interlineado, etc., y de manera automatizada.<\/p>\n<p><strong>jerarquizar<\/strong> <em>v tr <\/em>Ordenar todos los elementos de mayor a menor, con m\u00e1s o menos importancia. En el caso del dise\u00f1o, estos par\u00e1metros son visuales (tama\u00f1os, colores, etc.).<\/p>\n<p><strong>justificaci\u00f3n <\/strong><em>f <\/em><br \/>\nsin.<strong> alineaci\u00f3n<\/strong><\/p>\n<p><strong>lecturabilidad<\/strong> <em>f <\/em>Facilidad que ofrecen los textos para ser comprendidos. Se consideran factores como la habilidad lectora, la formaci\u00f3n del que lee, su dominio del idioma, la familiaridad con la tem\u00e1tica, etc.<\/p>\n<p><strong>legibilidad<\/strong> <em>f <\/em>Cualidad que tiene un texto para que pueda ser le\u00eddo. Se define en cuanto a su forma, presentaci\u00f3n y disposici\u00f3n.<\/p>\n<p><strong>mancha<\/strong> <em>f <\/em>Zona que hay que imprimir, donde se disponen los elementos y que queda delimitada por el l\u00edmite de los m\u00e1rgenes.<\/p>\n<p><strong>manual de estilo<\/strong> <em>m <\/em>Gu\u00eda compuesta por el conjunto de normas que rigen el dise\u00f1o de una publicaci\u00f3n.<\/p>\n<p><strong>m\u00e1rgenes<\/strong> <em>m pl<\/em> Espacio en blanco que queda alrededor de la mancha.<\/p>\n<p><strong>marginaci\u00f3n<\/strong> <em>f <\/em><br \/>\nsin.<strong> alineaci\u00f3n<\/strong><\/p>\n<p><strong>masa de gris<\/strong> <em>f <\/em>Espacio impreso que marca la mancha de la p\u00e1gina.<\/p>\n<p><strong>medianil<\/strong> <em>m<\/em> L\u00ednea por la que pliega una publicaci\u00f3n.<\/p>\n<p><strong>monstruo <\/strong><em>m <\/em><br \/>\nsin. <strong>n\u00famero cero<\/strong><\/p>\n<p><strong>n\u00famero cero<\/strong> <em>m <\/em>Primer boceto de un proyecto editorial.<br \/>\nsin.<strong> monstruo<\/strong><\/p>\n<p><strong>oc\u00e9<\/strong> <em>f <\/em>Ferro digital de imprenta para comprobaci\u00f3n.<\/p>\n<p><strong>pat\u00edn<\/strong> <em>m <\/em><br \/>\nsin. <strong>gracia<\/strong><\/p>\n<p><strong>planillo<\/strong> <em>m <\/em>Esquema de todas las p\u00e1ginas de una publicaci\u00f3n, en el que se marcan tanto los pliegos que la componen como los contenidos que hay en la misma.<\/p>\n<p><strong>plantilla<\/strong> <em>f <\/em>Documento que se utiliza de modelo y punto de partida para componer un tema.<\/p>\n<p><strong>pliego<\/strong> <em>m <\/em>Pieza de papel que se imprime, dobla y corta, y que da lugar a las diferentes p\u00e1ginas de una publicaci\u00f3n. Las p\u00e1ginas que contiene siempre han de ser m\u00faltiplo de cuatro.<\/p>\n<p><strong>preimpresi\u00f3n<\/strong> <em>f <\/em>Todo el proceso posterior al dise\u00f1o, hasta que se lleva a cabo la revisi\u00f3n final, antes de enviarlo definitivamente a imprimir.<\/p>\n<p><strong>recorrido<\/strong> <em>m <\/em>Espacio en blanco que se ajusta entre los textos y las im\u00e1genes.<\/p>\n<p><strong>rejilla base<\/strong> <em>f <\/em>Conjunto de l\u00edneas horizontales que marcan la colocaci\u00f3n de los textos en la p\u00e1gina, de manera que se consiga una apariencia ordenada de estos.<\/p>\n<p><strong>remate<\/strong> <em>m<\/em><br \/>\nsin. <strong>gracia<\/strong><\/p>\n<p><strong>ret\u00edcula<\/strong> <em>f <\/em>Estructura m\u00e1s o menos compleja de l\u00edneas horizontales y verticales que nos ayuda a ordenar de manera coherente todos los elementos de la composici\u00f3n de la p\u00e1gina.<\/p>\n<p><strong>sangre<\/strong> <em>f <\/em>Espacio de seguridad que se deja alrededor del borde real de la p\u00e1gina, para evitar que quede una l\u00ednea sin imprimir al guillotinar el pliego.<\/p>\n<p><strong>Sans Serif<\/strong> <em>f <\/em>Tipograf\u00eda que no contiene adornos o terminaciones, generalmente denominada de palo seco.<\/p>\n<p><strong>serifa<\/strong> <em>f <\/em><br \/>\nsin.<strong> gracia<\/strong><\/p>\n<p><strong>terminal<\/strong> <em>m <\/em><br \/>\nsin. <strong>gracia<\/strong><\/p>\n<p><strong>tirada<\/strong> <em>f <\/em>N\u00famero de ejemplares impresos que conforman una edici\u00f3n.<\/p>\n<p><strong>trama<\/strong> <em>f <\/em>Degradado que se reproduce creando un motivo y que se suele utilizar como recurso gr\u00e1fico en p\u00e1gina.<\/p>","protected":false},"excerpt":{"rendered":"<p>alineaci\u00f3n f Manera en que se ordenan las l\u00edneas de texto de un p\u00e1rrafo. sin. marginaci\u00f3n sin. justificaci\u00f3n arte final m Material completamente terminado y preparado para pasar a fotolitos y ser impreso de manera adecuada. asta f Trazo vertical o diagonal de una letra. audiencia f Grupo de personas a las que va dirigido [&hellip;]<\/p>\n","protected":false},"author":1,"featured_media":0,"parent":0,"menu_order":0,"comment_status":"closed","ping_status":"closed","template":"","meta":[],"acf":[],"_links":{"self":[{"href":"http:\/\/disseny.recursos.uoc.edu\/recursos\/dis-marca\/wp-json\/wp\/v2\/pages\/491"}],"collection":[{"href":"http:\/\/disseny.recursos.uoc.edu\/recursos\/dis-marca\/wp-json\/wp\/v2\/pages"}],"about":[{"href":"http:\/\/disseny.recursos.uoc.edu\/recursos\/dis-marca\/wp-json\/wp\/v2\/types\/page"}],"author":[{"embeddable":true,"href":"http:\/\/disseny.recursos.uoc.edu\/recursos\/dis-marca\/wp-json\/wp\/v2\/users\/1"}],"replies":[{"embeddable":true,"href":"http:\/\/disseny.recursos.uoc.edu\/recursos\/dis-marca\/wp-json\/wp\/v2\/comments?post=491"}],"version-history":[{"count":7,"href":"http:\/\/disseny.recursos.uoc.edu\/recursos\/dis-marca\/wp-json\/wp\/v2\/pages\/491\/revisions"}],"predecessor-version":[{"id":690,"href":"http:\/\/disseny.recursos.uoc.edu\/recursos\/dis-marca\/wp-json\/wp\/v2\/pages\/491\/revisions\/690"}],"wp:attachment":[{"href":"http:\/\/disseny.recursos.uoc.edu\/recursos\/dis-marca\/wp-json\/wp\/v2\/media?parent=491"}],"curies":[{"name":"wp","href":"https:\/\/api.w.org\/{rel}","templated":true}]}}