{"id":451,"date":"2017-06-22T06:24:07","date_gmt":"2017-06-22T06:24:07","guid":{"rendered":"http:\/\/disseny.recursos.uoc.edu\/recursos\/dis-marca\/?page_id=451"},"modified":"2017-06-29T10:28:49","modified_gmt":"2017-06-29T10:28:49","slug":"7-la-portada-7","status":"publish","type":"page","link":"http:\/\/disseny.recursos.uoc.edu\/recursos\/dis-marca\/7-la-portada-7\/","title":{"rendered":"7. La portada"},"content":{"rendered":"<p><\/p>\n<h3>7.3. Tipos de portadas<\/h3>\n<h3>7.3.2. Portadas de texto<\/h3>\n<p>El uso de las portadas de texto no es muy habitual, ya que nos movemos en una sociedad que se comunica a trav\u00e9s de im\u00e1genes. Estas portadas est\u00e1n construidas principalmente a partir de tipograf\u00eda, y se suele usar una imagen m\u00e1s o menos llamativa a modo de fondo. A veces pueden funcionar y llamar la atenci\u00f3n del lector, ya sea por su car\u00e1cter poco habitual o por una llamativa y acertada resoluci\u00f3n.<\/p>\n<p><div id=\"attachment_452\" style=\"width: 760px\" class=\"wp-caption alignnone\"><img aria-describedby=\"caption-attachment-452\" loading=\"lazy\" class=\"img-responsive wp-image-452 size-full\" src=\"http:\/\/disseny.recursos.uoc.edu\/recursos\/dis-marca\/wp-content\/uploads\/sites\/22\/2017\/06\/20118_a7_007.jpg\" alt=\"\" width=\"750\" height=\"228\" srcset=\"http:\/\/disseny.recursos.uoc.edu\/recursos\/dis-marca\/wp-content\/uploads\/sites\/22\/2017\/06\/20118_a7_007.jpg 750w, http:\/\/disseny.recursos.uoc.edu\/recursos\/dis-marca\/wp-content\/uploads\/sites\/22\/2017\/06\/20118_a7_007-300x91.jpg 300w\" sizes=\"(max-width: 750px) 100vw, 750px\" \/><p id=\"caption-attachment-452\" class=\"wp-caption-text\">Ejemplos de portadas resueltas con recursos tipogr\u00e1ficos. En este caso, son vistosas y efectivas y juegan con el grafismo de manera singular. Podemos decir que tambi\u00e9n tienen un componente conceptual, ya que juegan a crear relaciones mentales con las composiciones que plantean.<\/p><\/div><\/p>","protected":false},"excerpt":{"rendered":"<p>7.3. Tipos de portadas 7.3.2. Portadas de texto El uso de las portadas de texto no es muy habitual, ya que nos movemos en una sociedad que se comunica a trav\u00e9s de im\u00e1genes. Estas portadas est\u00e1n construidas principalmente a partir de tipograf\u00eda, y se suele usar una imagen m\u00e1s o menos llamativa a modo de [&hellip;]<\/p>\n","protected":false},"author":1,"featured_media":0,"parent":0,"menu_order":0,"comment_status":"closed","ping_status":"closed","template":"","meta":[],"acf":[],"_links":{"self":[{"href":"http:\/\/disseny.recursos.uoc.edu\/recursos\/dis-marca\/wp-json\/wp\/v2\/pages\/451"}],"collection":[{"href":"http:\/\/disseny.recursos.uoc.edu\/recursos\/dis-marca\/wp-json\/wp\/v2\/pages"}],"about":[{"href":"http:\/\/disseny.recursos.uoc.edu\/recursos\/dis-marca\/wp-json\/wp\/v2\/types\/page"}],"author":[{"embeddable":true,"href":"http:\/\/disseny.recursos.uoc.edu\/recursos\/dis-marca\/wp-json\/wp\/v2\/users\/1"}],"replies":[{"embeddable":true,"href":"http:\/\/disseny.recursos.uoc.edu\/recursos\/dis-marca\/wp-json\/wp\/v2\/comments?post=451"}],"version-history":[{"count":2,"href":"http:\/\/disseny.recursos.uoc.edu\/recursos\/dis-marca\/wp-json\/wp\/v2\/pages\/451\/revisions"}],"predecessor-version":[{"id":598,"href":"http:\/\/disseny.recursos.uoc.edu\/recursos\/dis-marca\/wp-json\/wp\/v2\/pages\/451\/revisions\/598"}],"wp:attachment":[{"href":"http:\/\/disseny.recursos.uoc.edu\/recursos\/dis-marca\/wp-json\/wp\/v2\/media?parent=451"}],"curies":[{"name":"wp","href":"https:\/\/api.w.org\/{rel}","templated":true}]}}