{"id":443,"date":"2017-06-22T06:18:05","date_gmt":"2017-06-22T06:18:05","guid":{"rendered":"http:\/\/disseny.recursos.uoc.edu\/recursos\/dis-marca\/?page_id=443"},"modified":"2017-06-29T10:25:23","modified_gmt":"2017-06-29T10:25:23","slug":"7-la-portada-5","status":"publish","type":"page","link":"http:\/\/disseny.recursos.uoc.edu\/recursos\/dis-marca\/7-la-portada-5\/","title":{"rendered":"7. La portada"},"content":{"rendered":"<p><\/p>\n<h3>7.2. Elementos de una portada<\/h3>\n<h3>7.2.5. Recursos gr\u00e1ficos<\/h3>\n<p>Son los diferentes recursos gr\u00e1ficos que definamos como parte identificativa del dise\u00f1o de la publicaci\u00f3n, que contribuir\u00e1n a definir la marca, a hacerla reconocible, y que pueden aparecer aqu\u00ed tambi\u00e9n. Pueden ser elementos como el mencionado marco amarillo de la cabecera de <em>National Geographic<\/em> o rojo de la revista <em>Time<\/em>, los marcos de las fotos de apoyo, los tipos de filetes, tramas, cajas de color, sombras, etc.<\/p>","protected":false},"excerpt":{"rendered":"<p>7.2. Elementos de una portada 7.2.5. Recursos gr\u00e1ficos Son los diferentes recursos gr\u00e1ficos que definamos como parte identificativa del dise\u00f1o de la publicaci\u00f3n, que contribuir\u00e1n a definir la marca, a hacerla reconocible, y que pueden aparecer aqu\u00ed tambi\u00e9n. Pueden ser elementos como el mencionado marco amarillo de la cabecera de National Geographic o rojo de [&hellip;]<\/p>\n","protected":false},"author":1,"featured_media":0,"parent":0,"menu_order":0,"comment_status":"closed","ping_status":"closed","template":"","meta":[],"acf":[],"_links":{"self":[{"href":"http:\/\/disseny.recursos.uoc.edu\/recursos\/dis-marca\/wp-json\/wp\/v2\/pages\/443"}],"collection":[{"href":"http:\/\/disseny.recursos.uoc.edu\/recursos\/dis-marca\/wp-json\/wp\/v2\/pages"}],"about":[{"href":"http:\/\/disseny.recursos.uoc.edu\/recursos\/dis-marca\/wp-json\/wp\/v2\/types\/page"}],"author":[{"embeddable":true,"href":"http:\/\/disseny.recursos.uoc.edu\/recursos\/dis-marca\/wp-json\/wp\/v2\/users\/1"}],"replies":[{"embeddable":true,"href":"http:\/\/disseny.recursos.uoc.edu\/recursos\/dis-marca\/wp-json\/wp\/v2\/comments?post=443"}],"version-history":[{"count":2,"href":"http:\/\/disseny.recursos.uoc.edu\/recursos\/dis-marca\/wp-json\/wp\/v2\/pages\/443\/revisions"}],"predecessor-version":[{"id":596,"href":"http:\/\/disseny.recursos.uoc.edu\/recursos\/dis-marca\/wp-json\/wp\/v2\/pages\/443\/revisions\/596"}],"wp:attachment":[{"href":"http:\/\/disseny.recursos.uoc.edu\/recursos\/dis-marca\/wp-json\/wp\/v2\/media?parent=443"}],"curies":[{"name":"wp","href":"https:\/\/api.w.org\/{rel}","templated":true}]}}