{"id":399,"date":"2017-06-21T13:41:17","date_gmt":"2017-06-21T13:41:17","guid":{"rendered":"http:\/\/disseny.recursos.uoc.edu\/recursos\/dis-marca\/?page_id=399"},"modified":"2017-07-13T11:43:42","modified_gmt":"2017-07-13T11:43:42","slug":"6-composicion-y-puesta-en-pagina-7","status":"publish","type":"page","link":"http:\/\/disseny.recursos.uoc.edu\/recursos\/dis-marca\/6-composicion-y-puesta-en-pagina-7\/","title":{"rendered":"6. Composici\u00f3n y puesta en p\u00e1gina"},"content":{"rendered":"<p><\/p>\n<h3>6.4. C\u00f3mo crear una jerarqu\u00eda visual<\/h3>\n<h3>6.4.4. Equilibrio<\/h3>\n<p>El orden de los elementos dentro de la composici\u00f3n determinar\u00e1 la manera en la que se percibir\u00e1 el equilibrio de las distintas partes.<\/p>\n<ol>\n<li><strong>Equilibrio sim\u00e9trico o formal<\/strong>: en el que todos los elementos se distribuyen de manera sim\u00e9trica con respecto a un eje en la composici\u00f3n. Se utiliza en dise\u00f1os que buscan ser cl\u00e1sicos y conservadores. Este tipo de balance dispositivo limita bastante la colocaci\u00f3n de textos, im\u00e1genes y recursos, aunque esto puede ser compensado con un uso creativo y efectista de tipograf\u00edas y colores.<\/li>\n<\/ol>\n<div id=\"attachment_402\" style=\"width: 447px\" class=\"wp-caption alignnone\"><img aria-describedby=\"caption-attachment-402\" loading=\"lazy\" class=\"img-responsive wp-image-402 size-full\" src=\"http:\/\/disseny.recursos.uoc.edu\/recursos\/dis-marca\/wp-content\/uploads\/sites\/22\/2017\/06\/20118_a6_012.jpg\" alt=\"\" width=\"437\" height=\"640\" srcset=\"http:\/\/disseny.recursos.uoc.edu\/recursos\/dis-marca\/wp-content\/uploads\/sites\/22\/2017\/06\/20118_a6_012.jpg 437w, http:\/\/disseny.recursos.uoc.edu\/recursos\/dis-marca\/wp-content\/uploads\/sites\/22\/2017\/06\/20118_a6_012-205x300.jpg 205w\" sizes=\"(max-width: 437px) 100vw, 437px\" \/><p id=\"caption-attachment-402\" class=\"wp-caption-text\">Simetr\u00edas y similitudes<\/p><\/div>\n<ol start=\"2\">\n<li><strong>Equilibrio asim\u00e9trico o informal<\/strong>: este balance incrementa las maneras de colocaci\u00f3n de los distintos elementos, ya que se rompe el eje y se modifica la disposici\u00f3n de los elementos en la maqueta, que ya no han de estar centrados. El dise\u00f1o se vuelve m\u00e1s flexible, se pueden usar diferentes tama\u00f1os, formas, colores, etc., consiguiendo un dise\u00f1o m\u00e1s informal y relajado. Lo interesante de este tipo de balance es que el dise\u00f1ador puede guiar al observador y marcar el camino de lectura que hay que seguir.<\/li>\n<\/ol>\n<div class=\"definicio\">\n<p>Ayuda al lector a encontrar con facilidad los elementos que son importantes.<\/p>\n<\/div>\n<p><\/p>","protected":false},"excerpt":{"rendered":"<p>6.4. C\u00f3mo crear una jerarqu\u00eda visual 6.4.4. Equilibrio El orden de los elementos dentro de la composici\u00f3n determinar\u00e1 la manera en la que se percibir\u00e1 el equilibrio de las distintas partes. Equilibrio sim\u00e9trico o formal: en el que todos los elementos se distribuyen de manera sim\u00e9trica con respecto a un eje en la composici\u00f3n. Se [&hellip;]<\/p>\n","protected":false},"author":1,"featured_media":0,"parent":0,"menu_order":0,"comment_status":"closed","ping_status":"closed","template":"","meta":[],"acf":[],"_links":{"self":[{"href":"http:\/\/disseny.recursos.uoc.edu\/recursos\/dis-marca\/wp-json\/wp\/v2\/pages\/399"}],"collection":[{"href":"http:\/\/disseny.recursos.uoc.edu\/recursos\/dis-marca\/wp-json\/wp\/v2\/pages"}],"about":[{"href":"http:\/\/disseny.recursos.uoc.edu\/recursos\/dis-marca\/wp-json\/wp\/v2\/types\/page"}],"author":[{"embeddable":true,"href":"http:\/\/disseny.recursos.uoc.edu\/recursos\/dis-marca\/wp-json\/wp\/v2\/users\/1"}],"replies":[{"embeddable":true,"href":"http:\/\/disseny.recursos.uoc.edu\/recursos\/dis-marca\/wp-json\/wp\/v2\/comments?post=399"}],"version-history":[{"count":8,"href":"http:\/\/disseny.recursos.uoc.edu\/recursos\/dis-marca\/wp-json\/wp\/v2\/pages\/399\/revisions"}],"predecessor-version":[{"id":735,"href":"http:\/\/disseny.recursos.uoc.edu\/recursos\/dis-marca\/wp-json\/wp\/v2\/pages\/399\/revisions\/735"}],"wp:attachment":[{"href":"http:\/\/disseny.recursos.uoc.edu\/recursos\/dis-marca\/wp-json\/wp\/v2\/media?parent=399"}],"curies":[{"name":"wp","href":"https:\/\/api.w.org\/{rel}","templated":true}]}}