{"id":361,"date":"2017-06-21T12:17:41","date_gmt":"2017-06-21T12:17:41","guid":{"rendered":"http:\/\/disseny.recursos.uoc.edu\/recursos\/dis-marca\/?page_id=361"},"modified":"2017-06-29T09:32:17","modified_gmt":"2017-06-29T09:32:17","slug":"6-composicion-y-puesta-en-pagina","status":"publish","type":"page","link":"http:\/\/disseny.recursos.uoc.edu\/recursos\/dis-marca\/6-composicion-y-puesta-en-pagina\/","title":{"rendered":"6. Composici\u00f3n y puesta en p\u00e1gina"},"content":{"rendered":"<p><\/p>\n<h3>6.1. Elementos de la p\u00e1gina base<\/h3>\n<p>A continuaci\u00f3n, repasaremos todos los elementos que de manera m\u00e1s o menos habitual se suelen encontrar en una maqueta.<\/p>\n<div id=\"attachment_364\" style=\"width: 760px\" class=\"wp-caption alignnone\"><img aria-describedby=\"caption-attachment-364\" loading=\"lazy\" class=\"img-responsive wp-image-364 size-full\" src=\"http:\/\/disseny.recursos.uoc.edu\/recursos\/dis-marca\/wp-content\/uploads\/sites\/22\/2017\/06\/20118_a6_001.jpg\" alt=\"\" width=\"750\" height=\"530\" srcset=\"http:\/\/disseny.recursos.uoc.edu\/recursos\/dis-marca\/wp-content\/uploads\/sites\/22\/2017\/06\/20118_a6_001.jpg 750w, http:\/\/disseny.recursos.uoc.edu\/recursos\/dis-marca\/wp-content\/uploads\/sites\/22\/2017\/06\/20118_a6_001-300x212.jpg 300w\" sizes=\"(max-width: 750px) 100vw, 750px\" \/><p id=\"caption-attachment-364\" class=\"wp-caption-text\">La p\u00e1gina vac\u00eda: la ret\u00edcula marca la caja, los m\u00e1rgenes y el medianil.<\/p><\/div>\n<ul>\n<li><strong>La caja o mancha<\/strong>: es el espacio interior en la maqueta que queda rodeado por los m\u00e1rgenes. En esta zona, se dispondr\u00e1n los elementos. Es lo que se considera la zona impresa (de ah\u00ed el t\u00e9rmino <em>mancha<\/em>) de la p\u00e1gina.<\/li>\n<li><strong>M\u00e1rgenes<\/strong>: son los espacios en blanco que quedan alrededor de la mancha. Su tratamiento es importante, ya que son esenciales para la lectura y la est\u00e9tica de la composici\u00f3n.<\/li>\n<li><strong>Medianil<\/strong>: aunque tambi\u00e9n suele llamarse medianil al espacio en blanco entre dos columnas (calle), aqu\u00ed nos referiremos con este t\u00e9rmino a la l\u00ednea por la que pliega la publicaci\u00f3n. Es un espacio con el que se ha de tener especial cuidado, ya que si en el mismo se colocan textos que pasen de una p\u00e1gina a otra, o fotos que no sean lo bastante grandes, el efecto visual puede ser desastroso.<\/li>\n<li><strong>Rejilla base<\/strong>: es el conjunto de l\u00edneas horizontales en las que se apoyar\u00e1 el texto. Lo determina la ret\u00edcula. La distancia entre una l\u00ednea y otra ser\u00e1 el interlineado (siempre y cuando los textos est\u00e9n ajustados a esta).<\/li>\n<\/ul>\n<p><img loading=\"lazy\" class=\"alignnone size-full wp-image-365 img-responsive\" src=\"http:\/\/disseny.recursos.uoc.edu\/recursos\/dis-marca\/wp-content\/uploads\/sites\/22\/2017\/06\/20118_a6_002.jpg\" alt=\"\" width=\"750\" height=\"530\" srcset=\"http:\/\/disseny.recursos.uoc.edu\/recursos\/dis-marca\/wp-content\/uploads\/sites\/22\/2017\/06\/20118_a6_002.jpg 750w, http:\/\/disseny.recursos.uoc.edu\/recursos\/dis-marca\/wp-content\/uploads\/sites\/22\/2017\/06\/20118_a6_002-300x212.jpg 300w\" sizes=\"(max-width: 750px) 100vw, 750px\" \/><\/p>","protected":false},"excerpt":{"rendered":"<p>6.1. Elementos de la p\u00e1gina base A continuaci\u00f3n, repasaremos todos los elementos que de manera m\u00e1s o menos habitual se suelen encontrar en una maqueta. La caja o mancha: es el espacio interior en la maqueta que queda rodeado por los m\u00e1rgenes. En esta zona, se dispondr\u00e1n los elementos. Es lo que se considera la [&hellip;]<\/p>\n","protected":false},"author":1,"featured_media":0,"parent":0,"menu_order":0,"comment_status":"closed","ping_status":"closed","template":"","meta":[],"acf":[],"_links":{"self":[{"href":"http:\/\/disseny.recursos.uoc.edu\/recursos\/dis-marca\/wp-json\/wp\/v2\/pages\/361"}],"collection":[{"href":"http:\/\/disseny.recursos.uoc.edu\/recursos\/dis-marca\/wp-json\/wp\/v2\/pages"}],"about":[{"href":"http:\/\/disseny.recursos.uoc.edu\/recursos\/dis-marca\/wp-json\/wp\/v2\/types\/page"}],"author":[{"embeddable":true,"href":"http:\/\/disseny.recursos.uoc.edu\/recursos\/dis-marca\/wp-json\/wp\/v2\/users\/1"}],"replies":[{"embeddable":true,"href":"http:\/\/disseny.recursos.uoc.edu\/recursos\/dis-marca\/wp-json\/wp\/v2\/comments?post=361"}],"version-history":[{"count":3,"href":"http:\/\/disseny.recursos.uoc.edu\/recursos\/dis-marca\/wp-json\/wp\/v2\/pages\/361\/revisions"}],"predecessor-version":[{"id":578,"href":"http:\/\/disseny.recursos.uoc.edu\/recursos\/dis-marca\/wp-json\/wp\/v2\/pages\/361\/revisions\/578"}],"wp:attachment":[{"href":"http:\/\/disseny.recursos.uoc.edu\/recursos\/dis-marca\/wp-json\/wp\/v2\/media?parent=361"}],"curies":[{"name":"wp","href":"https:\/\/api.w.org\/{rel}","templated":true}]}}