{"id":270,"date":"2017-06-21T10:55:10","date_gmt":"2017-06-21T10:55:10","guid":{"rendered":"http:\/\/disseny.recursos.uoc.edu\/recursos\/dis-marca\/?page_id=270"},"modified":"2017-07-13T09:15:27","modified_gmt":"2017-07-13T09:15:27","slug":"3-fotografias-e-imagenes-6","status":"publish","type":"page","link":"http:\/\/disseny.recursos.uoc.edu\/recursos\/dis-marca\/3-fotografias-e-imagenes-6\/","title":{"rendered":"3. Fotograf\u00edas e im\u00e1genes"},"content":{"rendered":"<p><\/p>\n<h3>3.3. El origen de las im\u00e1genes<\/h3>\n<p>Algo muy importante que hay que tener en cuenta es que las im\u00e1genes suelen tener un autor y que no toda foto que llegue a nuestras manos puede ser usada libremente. Cuando se compra una imagen, lo que se est\u00e1 haciendo es \u00abpagar por una licencia de uso\u00bb. Las licencias habituales de estos productos suelen ser con gesti\u00f3n de recursos (la foto se compra para un uso concreto en un medio concreto), libres de derechos (compramos la foto para usarla todas las veces que queramos) o de uso libre. En el mundo editorial, las im\u00e1genes pueden provenir de diferentes fuentes: autores concretos, agencias de im\u00e1genes, bancos de fotos gratuitos, etc.<\/p>\n<h3>3.3.1. Im\u00e1genes de autor<\/h3>\n<p>Un fot\u00f3grafo profesional que bien es contratado para llevar a cabo la sesi\u00f3n fotogr\u00e1fica, o bien al que se le compra la imagen en la que se est\u00e1 interesado.<\/p>","protected":false},"excerpt":{"rendered":"<p>3.3. El origen de las im\u00e1genes Algo muy importante que hay que tener en cuenta es que las im\u00e1genes suelen tener un autor y que no toda foto que llegue a nuestras manos puede ser usada libremente. Cuando se compra una imagen, lo que se est\u00e1 haciendo es \u00abpagar por una licencia de uso\u00bb. Las [&hellip;]<\/p>\n","protected":false},"author":1,"featured_media":0,"parent":0,"menu_order":0,"comment_status":"closed","ping_status":"closed","template":"","meta":[],"acf":[],"_links":{"self":[{"href":"http:\/\/disseny.recursos.uoc.edu\/recursos\/dis-marca\/wp-json\/wp\/v2\/pages\/270"}],"collection":[{"href":"http:\/\/disseny.recursos.uoc.edu\/recursos\/dis-marca\/wp-json\/wp\/v2\/pages"}],"about":[{"href":"http:\/\/disseny.recursos.uoc.edu\/recursos\/dis-marca\/wp-json\/wp\/v2\/types\/page"}],"author":[{"embeddable":true,"href":"http:\/\/disseny.recursos.uoc.edu\/recursos\/dis-marca\/wp-json\/wp\/v2\/users\/1"}],"replies":[{"embeddable":true,"href":"http:\/\/disseny.recursos.uoc.edu\/recursos\/dis-marca\/wp-json\/wp\/v2\/comments?post=270"}],"version-history":[{"count":4,"href":"http:\/\/disseny.recursos.uoc.edu\/recursos\/dis-marca\/wp-json\/wp\/v2\/pages\/270\/revisions"}],"predecessor-version":[{"id":681,"href":"http:\/\/disseny.recursos.uoc.edu\/recursos\/dis-marca\/wp-json\/wp\/v2\/pages\/270\/revisions\/681"}],"wp:attachment":[{"href":"http:\/\/disseny.recursos.uoc.edu\/recursos\/dis-marca\/wp-json\/wp\/v2\/media?parent=270"}],"curies":[{"name":"wp","href":"https:\/\/api.w.org\/{rel}","templated":true}]}}