{"id":256,"date":"2017-06-21T10:46:27","date_gmt":"2017-06-21T10:46:27","guid":{"rendered":"http:\/\/disseny.recursos.uoc.edu\/recursos\/dis-marca\/?page_id=256"},"modified":"2017-06-29T08:26:39","modified_gmt":"2017-06-29T08:26:39","slug":"3-fotografias-e-imagenes-3","status":"publish","type":"page","link":"http:\/\/disseny.recursos.uoc.edu\/recursos\/dis-marca\/3-fotografias-e-imagenes-3\/","title":{"rendered":"3. Fotograf\u00edas e im\u00e1genes"},"content":{"rendered":"<p><\/p>\n<h3>3.2. Especificaciones t\u00e9cnicas de las im\u00e1genes para imprimir<\/h3>\n<h3>3.2.1. Formatos de im\u00e1genes habituales<\/h3>\n<p>Actualmente, los programas de dise\u00f1o admiten una gran cantidad de formatos, pero suele trabajarse principalmente con cuatro:<\/p>\n<ol>\n<li><strong>JPG (<em>joint photographic expert group<\/em>):<\/strong> es el formato m\u00e1s habitual al ser el m\u00e1s f\u00e1cil de trasmitir, ya que comprime la informaci\u00f3n y pesa menos. Se ha de tener en cuenta que esa compresi\u00f3n hace que las im\u00e1genes pierdan, levemente, algo de calidad.<\/li>\n<li><strong>TIFF (<em>tagged image file format<\/em>):<\/strong> es un formato que asegura una mayor calidad que el JPG, ya que la compresi\u00f3n es menor (salvo que se especifique lo contrario). El tama\u00f1o de los ficheros es bastante mayor, pero admite trazados, capas y silueteados, lo cual facilita mucho el trabajo en la composici\u00f3n.<\/li>\n<li><strong>PSD:<\/strong> es el formato natural de Photoshop Adobe, permite el uso directo de capas y no comprime la imagen.<\/li>\n<li><strong>RAW:<\/strong> es el formato en bruto directamente de la c\u00e1mara fotogr\u00e1fica. Contiene la totalidad de los datos de la imagen tal y como fue captada. Este formato permite f\u00e1cilmente la manipulaci\u00f3n de las im\u00e1genes por parte de los retocadores para conseguir una imagen de salida de calidad. Este formato no es compatible directamente con los programas de dise\u00f1o, sino que requiere que previamente la imagen sea \u00abrevelada\u00bb y exportada a alguno de los formatos anteriores, preferiblemente en PSD o TIFF, para no perder informaci\u00f3n.<\/li>\n<\/ol>\n<p><\/p>","protected":false},"excerpt":{"rendered":"<p>3.2. Especificaciones t\u00e9cnicas de las im\u00e1genes para imprimir 3.2.1. Formatos de im\u00e1genes habituales Actualmente, los programas de dise\u00f1o admiten una gran cantidad de formatos, pero suele trabajarse principalmente con cuatro: JPG (joint photographic expert group): es el formato m\u00e1s habitual al ser el m\u00e1s f\u00e1cil de trasmitir, ya que comprime la informaci\u00f3n y pesa menos. [&hellip;]<\/p>\n","protected":false},"author":1,"featured_media":0,"parent":0,"menu_order":0,"comment_status":"closed","ping_status":"closed","template":"","meta":[],"acf":[],"_links":{"self":[{"href":"http:\/\/disseny.recursos.uoc.edu\/recursos\/dis-marca\/wp-json\/wp\/v2\/pages\/256"}],"collection":[{"href":"http:\/\/disseny.recursos.uoc.edu\/recursos\/dis-marca\/wp-json\/wp\/v2\/pages"}],"about":[{"href":"http:\/\/disseny.recursos.uoc.edu\/recursos\/dis-marca\/wp-json\/wp\/v2\/types\/page"}],"author":[{"embeddable":true,"href":"http:\/\/disseny.recursos.uoc.edu\/recursos\/dis-marca\/wp-json\/wp\/v2\/users\/1"}],"replies":[{"embeddable":true,"href":"http:\/\/disseny.recursos.uoc.edu\/recursos\/dis-marca\/wp-json\/wp\/v2\/comments?post=256"}],"version-history":[{"count":3,"href":"http:\/\/disseny.recursos.uoc.edu\/recursos\/dis-marca\/wp-json\/wp\/v2\/pages\/256\/revisions"}],"predecessor-version":[{"id":562,"href":"http:\/\/disseny.recursos.uoc.edu\/recursos\/dis-marca\/wp-json\/wp\/v2\/pages\/256\/revisions\/562"}],"wp:attachment":[{"href":"http:\/\/disseny.recursos.uoc.edu\/recursos\/dis-marca\/wp-json\/wp\/v2\/media?parent=256"}],"curies":[{"name":"wp","href":"https:\/\/api.w.org\/{rel}","templated":true}]}}