{"id":237,"date":"2017-06-21T10:17:05","date_gmt":"2017-06-21T10:17:05","guid":{"rendered":"http:\/\/disseny.recursos.uoc.edu\/recursos\/dis-marca\/?page_id=237"},"modified":"2017-08-30T07:44:01","modified_gmt":"2017-08-30T07:44:01","slug":"3-fotografias-e-imagenes-2","status":"publish","type":"page","link":"http:\/\/disseny.recursos.uoc.edu\/recursos\/dis-marca\/3-fotografias-e-imagenes-2\/","title":{"rendered":"3. Fotograf\u00edas e im\u00e1genes"},"content":{"rendered":"<p><\/p>\n<h3>3.1. La foto<\/h3>\n<h3>3.1.2. Tipos de im\u00e1genes en revistas<\/h3>\n<p>Dentro del dise\u00f1o de revistas podemos acotar unas categor\u00edas gen\u00e9ricas con las que debemos estar familiarizados a la hora de trabajar en una editorial. No quiere decir que estas sean los \u00fanicos tipos que existen, pero s\u00ed que son los m\u00e1s habituales.<\/p>\n<h4>3.1.2.1. El reportaje<\/h4>\n<p>En la fotograf\u00eda de reportaje lo que se intenta es contar una historia con una serie de im\u00e1genes que han de ser informativas y que pueden ser documentales. Los reportajes cuentan con una narraci\u00f3n, y las im\u00e1genes deben acompa\u00f1ar a este texto al tiempo que ilustran de manera est\u00e9tica lo que se est\u00e1 contando. En funci\u00f3n del tipo de reportaje que estemos desarrollando, as\u00ed ser\u00e1 la fotograf\u00eda adecuada para ilustrarlo.<\/p>\n<div id=\"attachment_874\" style=\"width: 3116px\" class=\"wp-caption alignnone\"><img aria-describedby=\"caption-attachment-874\" loading=\"lazy\" class=\"img-responsive wp-image-874 size-full\" src=\"http:\/\/disseny.recursos.uoc.edu\/recursos\/dis-marca\/wp-content\/uploads\/sites\/22\/2017\/06\/01-reportaje.jpg\" alt=\"\" width=\"3106\" height=\"5991\" srcset=\"http:\/\/disseny.recursos.uoc.edu\/recursos\/dis-marca\/wp-content\/uploads\/sites\/22\/2017\/06\/01-reportaje.jpg 3106w, http:\/\/disseny.recursos.uoc.edu\/recursos\/dis-marca\/wp-content\/uploads\/sites\/22\/2017\/06\/01-reportaje-156x300.jpg 156w, http:\/\/disseny.recursos.uoc.edu\/recursos\/dis-marca\/wp-content\/uploads\/sites\/22\/2017\/06\/01-reportaje-768x1481.jpg 768w, http:\/\/disseny.recursos.uoc.edu\/recursos\/dis-marca\/wp-content\/uploads\/sites\/22\/2017\/06\/01-reportaje-531x1024.jpg 531w\" sizes=\"(max-width: 3106px) 100vw, 3106px\" \/><p id=\"caption-attachment-874\" class=\"wp-caption-text\">Reportaje elaborado por la revista <em>Woman<\/em>.<\/p><\/div>\n<h4>3.1.2.2. La fotonoticia<\/h4>\n<p>Se considera fotonoticia una imagen de gran impacto por s\u00ed misma, independientemente del texto que la acompa\u00f1a. Su carga emocional es tan fuerte que lo que se busca con ella es llamar la atenci\u00f3n y provocar un sentimiento en el espectador.<\/p>\n<h4>3.1.2.3. El retrato<\/h4>\n<p>Su funci\u00f3n es reproducir el aspecto f\u00edsico de una persona, intentando que no sea una imagen plana, sino que trasmita tambi\u00e9n rasgos de la personalidad de esta o de su estado de \u00e1nimo.<\/p>\n<div id=\"attachment_241\" style=\"width: 460px\" class=\"wp-caption alignnone\"><img aria-describedby=\"caption-attachment-241\" loading=\"lazy\" class=\"img-responsive wp-image-241 size-full\" src=\"http:\/\/disseny.recursos.uoc.edu\/recursos\/dis-marca\/wp-content\/uploads\/sites\/22\/2017\/06\/20118_a3_002.jpg\" alt=\"\" width=\"450\" height=\"454\" srcset=\"http:\/\/disseny.recursos.uoc.edu\/recursos\/dis-marca\/wp-content\/uploads\/sites\/22\/2017\/06\/20118_a3_002.jpg 450w, http:\/\/disseny.recursos.uoc.edu\/recursos\/dis-marca\/wp-content\/uploads\/sites\/22\/2017\/06\/20118_a3_002-150x150.jpg 150w, http:\/\/disseny.recursos.uoc.edu\/recursos\/dis-marca\/wp-content\/uploads\/sites\/22\/2017\/06\/20118_a3_002-297x300.jpg 297w\" sizes=\"(max-width: 450px) 100vw, 450px\" \/><p id=\"caption-attachment-241\" class=\"wp-caption-text\">Ejemplos de retratos de personajes. En el primero, Adele en una entrevista para <em>Rolling Stone<\/em>. En el segundo, vemos un retrato de la dise\u00f1adora de joyas Raquel Moreno para la revista <em>Woman<\/em> y, por \u00faltimo, un retrato de Benedict Cumberbatch para la portada de la revista <em>Time<\/em>.<\/p><\/div>\n<h4>3.1.2.4. La fotoilustraci\u00f3n<\/h4>\n<p>Es una imagen generada ex profeso para ilustrar un tema. Puede ser una manipulaci\u00f3n sobre una imagen o una ilustraci\u00f3n generada de varias fotos. La imaginaci\u00f3n es la que manda, y existen numerosos ejemplos de resoluciones muy est\u00e9ticas.<\/p>\n<div id=\"attachment_877\" style=\"width: 2644px\" class=\"wp-caption alignnone\"><img aria-describedby=\"caption-attachment-877\" loading=\"lazy\" class=\"img-responsive wp-image-877 size-full\" src=\"http:\/\/disseny.recursos.uoc.edu\/recursos\/dis-marca\/wp-content\/uploads\/sites\/22\/2017\/06\/03-fotoilustracion.jpg\" alt=\"\" width=\"2634\" height=\"950\" srcset=\"http:\/\/disseny.recursos.uoc.edu\/recursos\/dis-marca\/wp-content\/uploads\/sites\/22\/2017\/06\/03-fotoilustracion.jpg 2634w, http:\/\/disseny.recursos.uoc.edu\/recursos\/dis-marca\/wp-content\/uploads\/sites\/22\/2017\/06\/03-fotoilustracion-300x108.jpg 300w, http:\/\/disseny.recursos.uoc.edu\/recursos\/dis-marca\/wp-content\/uploads\/sites\/22\/2017\/06\/03-fotoilustracion-768x277.jpg 768w, http:\/\/disseny.recursos.uoc.edu\/recursos\/dis-marca\/wp-content\/uploads\/sites\/22\/2017\/06\/03-fotoilustracion-1024x369.jpg 1024w\" sizes=\"(max-width: 2634px) 100vw, 2634px\" \/><p id=\"caption-attachment-877\" class=\"wp-caption-text\">Ejemplos de portadas de <em>Metr\u00f3poli<\/em>, <em>Quo<\/em> y <em>Babelia<\/em> con fotoilustraci\u00f3n.<\/p><\/div>\n<h4>3.1.2.5. La producci\u00f3n o editorial de moda<\/h4>\n<p>Una producci\u00f3n de moda se refiere a \u00abcrear\u00bb una serie de im\u00e1genes en torno a una inspiraci\u00f3n o tendencia. La creaci\u00f3n de estos reportajes lleva detr\u00e1s mucho trabajo y un amplio equipo de gente. El origen de todo es una idea o inspiraci\u00f3n, a partir de la cual se esbozar\u00e1n una serie de fotograf\u00edas de calidad, que pretenden sorprender y mostrar un cuadro idealizado, al tiempo que sirven de escaparate para ense\u00f1ar prendas de moda. Suelen tener una puesta en escena compleja y cuidada (hay un equipo de producci\u00f3n detr\u00e1s que se encarga de buscar localizaciones y organizarlo todo), puede haber un director art\u00edstico que, junto con la direcci\u00f3n editorial, desarrolle la idea, un equipo de estilistas, las modelos y el fot\u00f3grafo. El trabajo de todos y la calidad del resultado pueden hacer del editorial toda una manifestaci\u00f3n art\u00edstica. A veces, el nexo de todo puede ser una tendencia (\u00abse llevan los colores fl\u00faor\u00bb), contar una historia (un enamoramiento, un viaje, etc.) o buscar una inspiraci\u00f3n en temas externos como por ejemplo una pel\u00edcula, un pintor, etc.<\/p>\n<div id=\"attachment_880\" style=\"width: 699px\" class=\"wp-caption alignnone\"><img aria-describedby=\"caption-attachment-880\" loading=\"lazy\" class=\"img-responsive wp-image-880 size-full\" src=\"http:\/\/disseny.recursos.uoc.edu\/recursos\/dis-marca\/wp-content\/uploads\/sites\/22\/2017\/06\/04-editorialmoda1.jpg\" alt=\"\" width=\"689\" height=\"1372\" srcset=\"http:\/\/disseny.recursos.uoc.edu\/recursos\/dis-marca\/wp-content\/uploads\/sites\/22\/2017\/06\/04-editorialmoda1.jpg 689w, http:\/\/disseny.recursos.uoc.edu\/recursos\/dis-marca\/wp-content\/uploads\/sites\/22\/2017\/06\/04-editorialmoda1-151x300.jpg 151w, http:\/\/disseny.recursos.uoc.edu\/recursos\/dis-marca\/wp-content\/uploads\/sites\/22\/2017\/06\/04-editorialmoda1-514x1024.jpg 514w\" sizes=\"(max-width: 689px) 100vw, 689px\" \/><p id=\"caption-attachment-880\" class=\"wp-caption-text\">En el ejemplo, podemos ver un bello editorial de moda llevado a cabo por Annie Leibovitz para la revista <em>Vogue<\/em> e inspirado en <em>Alicia en el Pa\u00eds de las Maravillas<\/em>, de Lewis Carroll.<\/p><\/div>\n<div id=\"attachment_900\" style=\"width: 1618px\" class=\"wp-caption alignnone\"><img aria-describedby=\"caption-attachment-900\" loading=\"lazy\" class=\"img-responsive wp-image-900 size-full\" src=\"http:\/\/disseny.recursos.uoc.edu\/recursos\/dis-marca\/wp-content\/uploads\/sites\/22\/2017\/06\/04-editorialmoda2.jpg\" alt=\"\" width=\"1608\" height=\"3086\" srcset=\"http:\/\/disseny.recursos.uoc.edu\/recursos\/dis-marca\/wp-content\/uploads\/sites\/22\/2017\/06\/04-editorialmoda2.jpg 1608w, http:\/\/disseny.recursos.uoc.edu\/recursos\/dis-marca\/wp-content\/uploads\/sites\/22\/2017\/06\/04-editorialmoda2-156x300.jpg 156w, http:\/\/disseny.recursos.uoc.edu\/recursos\/dis-marca\/wp-content\/uploads\/sites\/22\/2017\/06\/04-editorialmoda2-768x1474.jpg 768w, http:\/\/disseny.recursos.uoc.edu\/recursos\/dis-marca\/wp-content\/uploads\/sites\/22\/2017\/06\/04-editorialmoda2-534x1024.jpg 534w\" sizes=\"(max-width: 1608px) 100vw, 1608px\" \/><p id=\"caption-attachment-900\" class=\"wp-caption-text\">En este caso, podemos ver una producci\u00f3n en torno a la tendencia \u00abrayas\u00bb, con inspiraci\u00f3n circense, llevada a cabo por el fot\u00f3grafo Eugenio Recuenco para la revista <em>Woman<\/em>.<\/p><\/div>\n<h4>3.1.2.6. El bodeg\u00f3n<\/h4>\n<p>Es la fotograf\u00eda de objetos inanimados, ordenados de una manera concreta en un espacio determinado. Normalmente, se busca de manera est\u00e9tica servir de escaparate de los objetos que se muestran. En revistas de alta gama, se crean im\u00e1genes imaginativas y efectistas en las que se juega con la luz, los cromatismos y el atrezo para conseguir im\u00e1genes bellas e interesantes.<\/p>\n<div id=\"attachment_247\" style=\"width: 650px\" class=\"wp-caption alignnone\"><img aria-describedby=\"caption-attachment-247\" loading=\"lazy\" class=\"img-responsive wp-image-247 size-full\" src=\"http:\/\/disseny.recursos.uoc.edu\/recursos\/dis-marca\/wp-content\/uploads\/sites\/22\/2017\/06\/20118_a3_006.jpg\" alt=\"\" width=\"640\" height=\"427\" srcset=\"http:\/\/disseny.recursos.uoc.edu\/recursos\/dis-marca\/wp-content\/uploads\/sites\/22\/2017\/06\/20118_a3_006.jpg 640w, http:\/\/disseny.recursos.uoc.edu\/recursos\/dis-marca\/wp-content\/uploads\/sites\/22\/2017\/06\/20118_a3_006-300x200.jpg 300w\" sizes=\"(max-width: 640px) 100vw, 640px\" \/><p id=\"caption-attachment-247\" class=\"wp-caption-text\">Bodegones de joyas con inspiraci\u00f3n marina, elaborados para la revista <em>Woman<\/em>.<\/p><\/div>\n<div id=\"attachment_248\" style=\"width: 650px\" class=\"wp-caption alignnone\"><img aria-describedby=\"caption-attachment-248\" loading=\"lazy\" class=\"img-responsive wp-image-248 size-full\" src=\"http:\/\/disseny.recursos.uoc.edu\/recursos\/dis-marca\/wp-content\/uploads\/sites\/22\/2017\/06\/20118_a3_007.jpg\" alt=\"\" width=\"640\" height=\"204\" srcset=\"http:\/\/disseny.recursos.uoc.edu\/recursos\/dis-marca\/wp-content\/uploads\/sites\/22\/2017\/06\/20118_a3_007.jpg 640w, http:\/\/disseny.recursos.uoc.edu\/recursos\/dis-marca\/wp-content\/uploads\/sites\/22\/2017\/06\/20118_a3_007-300x96.jpg 300w\" sizes=\"(max-width: 640px) 100vw, 640px\" \/><p id=\"caption-attachment-248\" class=\"wp-caption-text\">Ideas de bodegones de belleza de las revistas <em>Flare<\/em>, <em>Glamour<\/em>, <em>Elle<\/em> y <em>GQ<\/em>.<\/p><\/div>\n<h4>3.1.2.7. La silueta<\/h4>\n<p>Son fotos de objetos llevadas a cabo sin fondo ni contexto para un uso gr\u00e1fico espec\u00edfico. Muchas siluetas se utilizan en cat\u00e1logos, pero tambi\u00e9n dan mucho juego en otros contextos gr\u00e1ficos.<\/p>\n<div id=\"attachment_249\" style=\"width: 650px\" class=\"wp-caption alignnone\"><img aria-describedby=\"caption-attachment-249\" loading=\"lazy\" class=\"img-responsive wp-image-249 size-full\" src=\"http:\/\/disseny.recursos.uoc.edu\/recursos\/dis-marca\/wp-content\/uploads\/sites\/22\/2017\/06\/20118_a3_008.jpg\" alt=\"\" width=\"640\" height=\"388\" srcset=\"http:\/\/disseny.recursos.uoc.edu\/recursos\/dis-marca\/wp-content\/uploads\/sites\/22\/2017\/06\/20118_a3_008.jpg 640w, http:\/\/disseny.recursos.uoc.edu\/recursos\/dis-marca\/wp-content\/uploads\/sites\/22\/2017\/06\/20118_a3_008-300x182.jpg 300w\" sizes=\"(max-width: 640px) 100vw, 640px\" \/><p id=\"caption-attachment-249\" class=\"wp-caption-text\">Reportaje de moda de la revista <em>Haper&#8217;s Bazaar<\/em>, un dise\u00f1o a partir de siluetas, resuelto de manera original y est\u00e9tica.<\/p><\/div>\n<div id=\"attachment_251\" style=\"width: 614px\" class=\"wp-caption alignnone\"><img aria-describedby=\"caption-attachment-251\" loading=\"lazy\" class=\"img-responsive wp-image-251 size-full\" src=\"http:\/\/disseny.recursos.uoc.edu\/recursos\/dis-marca\/wp-content\/uploads\/sites\/22\/2017\/06\/20118_a3_009.jpg\" alt=\"\" width=\"604\" height=\"415\" srcset=\"http:\/\/disseny.recursos.uoc.edu\/recursos\/dis-marca\/wp-content\/uploads\/sites\/22\/2017\/06\/20118_a3_009.jpg 604w, http:\/\/disseny.recursos.uoc.edu\/recursos\/dis-marca\/wp-content\/uploads\/sites\/22\/2017\/06\/20118_a3_009-300x206.jpg 300w\" sizes=\"(max-width: 604px) 100vw, 604px\" \/><p id=\"caption-attachment-251\" class=\"wp-caption-text\">Reportaje de <em>shopping<\/em> de la revista <em>Smoda<\/em>.<\/p><\/div>\n<div id=\"attachment_252\" style=\"width: 650px\" class=\"wp-caption alignnone\"><img aria-describedby=\"caption-attachment-252\" loading=\"lazy\" class=\"img-responsive wp-image-252 size-full\" src=\"http:\/\/disseny.recursos.uoc.edu\/recursos\/dis-marca\/wp-content\/uploads\/sites\/22\/2017\/06\/20118_a3_010.jpg\" alt=\"\" width=\"640\" height=\"278\" srcset=\"http:\/\/disseny.recursos.uoc.edu\/recursos\/dis-marca\/wp-content\/uploads\/sites\/22\/2017\/06\/20118_a3_010.jpg 640w, http:\/\/disseny.recursos.uoc.edu\/recursos\/dis-marca\/wp-content\/uploads\/sites\/22\/2017\/06\/20118_a3_010-300x130.jpg 300w\" sizes=\"(max-width: 640px) 100vw, 640px\" \/><p id=\"caption-attachment-252\" class=\"wp-caption-text\">P\u00e1ginas de la revista <em>Elle<\/em> en las que abundan los silueteados.<\/p><\/div>\n<p><div id=\"attachment_253\" style=\"width: 650px\" class=\"wp-caption alignnone\"><img aria-describedby=\"caption-attachment-253\" loading=\"lazy\" class=\"img-responsive wp-image-253 size-full\" src=\"http:\/\/disseny.recursos.uoc.edu\/recursos\/dis-marca\/wp-content\/uploads\/sites\/22\/2017\/06\/20118_a3_011.jpg\" alt=\"\" width=\"640\" height=\"435\" srcset=\"http:\/\/disseny.recursos.uoc.edu\/recursos\/dis-marca\/wp-content\/uploads\/sites\/22\/2017\/06\/20118_a3_011.jpg 640w, http:\/\/disseny.recursos.uoc.edu\/recursos\/dis-marca\/wp-content\/uploads\/sites\/22\/2017\/06\/20118_a3_011-300x204.jpg 300w\" sizes=\"(max-width: 640px) 100vw, 640px\" \/><p id=\"caption-attachment-253\" class=\"wp-caption-text\">Bazar con siluetas en la revista de decoraci\u00f3n <em>AD<\/em>.<\/p><\/div><\/p>","protected":false},"excerpt":{"rendered":"<p>3.1. La foto 3.1.2. Tipos de im\u00e1genes en revistas Dentro del dise\u00f1o de revistas podemos acotar unas categor\u00edas gen\u00e9ricas con las que debemos estar familiarizados a la hora de trabajar en una editorial. No quiere decir que estas sean los \u00fanicos tipos que existen, pero s\u00ed que son los m\u00e1s habituales. 3.1.2.1. El reportaje En [&hellip;]<\/p>\n","protected":false},"author":1,"featured_media":0,"parent":0,"menu_order":0,"comment_status":"closed","ping_status":"closed","template":"","meta":[],"acf":[],"_links":{"self":[{"href":"http:\/\/disseny.recursos.uoc.edu\/recursos\/dis-marca\/wp-json\/wp\/v2\/pages\/237"}],"collection":[{"href":"http:\/\/disseny.recursos.uoc.edu\/recursos\/dis-marca\/wp-json\/wp\/v2\/pages"}],"about":[{"href":"http:\/\/disseny.recursos.uoc.edu\/recursos\/dis-marca\/wp-json\/wp\/v2\/types\/page"}],"author":[{"embeddable":true,"href":"http:\/\/disseny.recursos.uoc.edu\/recursos\/dis-marca\/wp-json\/wp\/v2\/users\/1"}],"replies":[{"embeddable":true,"href":"http:\/\/disseny.recursos.uoc.edu\/recursos\/dis-marca\/wp-json\/wp\/v2\/comments?post=237"}],"version-history":[{"count":16,"href":"http:\/\/disseny.recursos.uoc.edu\/recursos\/dis-marca\/wp-json\/wp\/v2\/pages\/237\/revisions"}],"predecessor-version":[{"id":923,"href":"http:\/\/disseny.recursos.uoc.edu\/recursos\/dis-marca\/wp-json\/wp\/v2\/pages\/237\/revisions\/923"}],"wp:attachment":[{"href":"http:\/\/disseny.recursos.uoc.edu\/recursos\/dis-marca\/wp-json\/wp\/v2\/media?parent=237"}],"curies":[{"name":"wp","href":"https:\/\/api.w.org\/{rel}","templated":true}]}}