{"id":197,"date":"2017-06-21T09:52:10","date_gmt":"2017-06-21T09:52:10","guid":{"rendered":"http:\/\/disseny.recursos.uoc.edu\/recursos\/dis-marca\/?page_id=197"},"modified":"2017-07-13T09:13:21","modified_gmt":"2017-07-13T09:13:21","slug":"2-las-tipografias-12","status":"publish","type":"page","link":"http:\/\/disseny.recursos.uoc.edu\/recursos\/dis-marca\/2-las-tipografias-12\/","title":{"rendered":"2. Las tipograf\u00edas"},"content":{"rendered":"<p><\/p>\n<h3>2.4. Normas b\u00e1sicas en tipograf\u00eda<\/h3>\n<h3>2.4.4. Atenci\u00f3n a los tama\u00f1os<\/h3>\n<p>Como ya hemos mencionado, en los a\u00f1os en los que la impresi\u00f3n se llevaba a cabo por tipos m\u00f3viles, hab\u00eda tipograf\u00edas que fueron elaboradas ex profeso para los tama\u00f1os en los que iban a ser impresas. Actualmente pasa algo parecido, ya que hay letras que han sido creadas para conseguir una muy buena legibilidad, y a tama\u00f1os grandes pueden quedar demasiado pesadas y poco elegantes, han sido pensadas para funcionar en cuerpos de texto largo. Hay otras letras que, a tama\u00f1os grandes, titulan de manera muy est\u00e9tica. Esto es importante a la hora de elegir las letras con las que vamos a trabajar. Por ello, el uso que demos a cada tipograf\u00eda en nuestro dise\u00f1o ha de ser adecuado: debemos elegir una tipograf\u00eda con buena lectura para el cuerpo de texto, y una tipograf\u00eda con personalidad que nos d\u00e9 juego en las titulaciones.<\/p>\n<p>Es muy importante la relaci\u00f3n entre el tama\u00f1o de la letra, el ancho de la columna y el interlineado. Si uno de estos valores var\u00eda, habr\u00e1 que adaptar los otros, ya que suelen ser proporcionales. Normalmente, se dice que un tama\u00f1o de entre 8 y 11 puntos es el correcto para una buena legibilidad, pero debemos tener en cuenta que el tama\u00f1o no suele funcionar de la misma manera en distintas tipograf\u00edas y que, en l\u00edneas m\u00e1s largas, se suele necesitar m\u00e1s tama\u00f1o que en l\u00edneas m\u00e1s cortas. Las tipograf\u00edas expandidas o comprimidas tienen peor lectura y cansan m\u00e1s, pero pueden ser efectivas en bloques de texto peque\u00f1os, como pies de foto. Est\u00e1 establecido que la longitud ideal de una l\u00ednea est\u00e1 en torno a los 60\/65 espacios. Un buen dise\u00f1ador ha de saber c\u00f3mo construir un dise\u00f1o que haga sentir c\u00f3modo al lector.<\/p>\n<div class=\"definicio\">\n<p>Se dice que el tip\u00f3grafo ingl\u00e9s John Baskerville (s. XVIII) fue acusado de \u00abintentar dejar ciegos a los lectores\u00bb, ya que las tipograf\u00edas estilosas y refinadas que hab\u00eda creado ten\u00edan unos trazos muy estrechos. Si bien es cierto que Baskerville compens\u00f3 esto con un ojo grande en cada letra, de modo que compensaba con equilibrio el trazo de la fuente que lleva su nombre.<\/p>\n<\/div>\n<p><\/p>","protected":false},"excerpt":{"rendered":"<p>2.4. Normas b\u00e1sicas en tipograf\u00eda 2.4.4. Atenci\u00f3n a los tama\u00f1os Como ya hemos mencionado, en los a\u00f1os en los que la impresi\u00f3n se llevaba a cabo por tipos m\u00f3viles, hab\u00eda tipograf\u00edas que fueron elaboradas ex profeso para los tama\u00f1os en los que iban a ser impresas. Actualmente pasa algo parecido, ya que hay letras que [&hellip;]<\/p>\n","protected":false},"author":1,"featured_media":0,"parent":0,"menu_order":0,"comment_status":"closed","ping_status":"closed","template":"","meta":[],"acf":[],"_links":{"self":[{"href":"http:\/\/disseny.recursos.uoc.edu\/recursos\/dis-marca\/wp-json\/wp\/v2\/pages\/197"}],"collection":[{"href":"http:\/\/disseny.recursos.uoc.edu\/recursos\/dis-marca\/wp-json\/wp\/v2\/pages"}],"about":[{"href":"http:\/\/disseny.recursos.uoc.edu\/recursos\/dis-marca\/wp-json\/wp\/v2\/types\/page"}],"author":[{"embeddable":true,"href":"http:\/\/disseny.recursos.uoc.edu\/recursos\/dis-marca\/wp-json\/wp\/v2\/users\/1"}],"replies":[{"embeddable":true,"href":"http:\/\/disseny.recursos.uoc.edu\/recursos\/dis-marca\/wp-json\/wp\/v2\/comments?post=197"}],"version-history":[{"count":7,"href":"http:\/\/disseny.recursos.uoc.edu\/recursos\/dis-marca\/wp-json\/wp\/v2\/pages\/197\/revisions"}],"predecessor-version":[{"id":679,"href":"http:\/\/disseny.recursos.uoc.edu\/recursos\/dis-marca\/wp-json\/wp\/v2\/pages\/197\/revisions\/679"}],"wp:attachment":[{"href":"http:\/\/disseny.recursos.uoc.edu\/recursos\/dis-marca\/wp-json\/wp\/v2\/media?parent=197"}],"curies":[{"name":"wp","href":"https:\/\/api.w.org\/{rel}","templated":true}]}}