{"id":1006,"date":"2019-07-09T10:29:13","date_gmt":"2019-07-09T10:29:13","guid":{"rendered":"http:\/\/disseny.recursos.uoc.edu\/recursos\/dis-marca\/?page_id=1006"},"modified":"2019-08-02T08:50:16","modified_gmt":"2019-08-02T08:50:16","slug":"9-tipos-de-publicaciones-digitales-11","status":"publish","type":"page","link":"http:\/\/disseny.recursos.uoc.edu\/recursos\/dis-marca\/9-tipos-de-publicaciones-digitales-11\/","title":{"rendered":"9. Tipos de publicaciones digitales"},"content":{"rendered":"<p><\/p>\n<h3 class=\"p1\">9.4. El dise\u00f1o digital centrado en el usuario: <i>User Experience <\/i>(UX)<\/h3>\n<h3 class=\"p1\">9.4.3. T\u00e9cnicas de ux para conocer al usuario<\/h3>\n<ul>\n<li>Las entrevistas cara a cara, cuyo objetivo es conseguir la mayor cantidad de informaci\u00f3n posible acerca de los h\u00e1bitos del usuario relacionados con lo que se est\u00e1 ofreciendo, ayudan a entender qu\u00e9 necesidades son las que es necesario cubrir.<\/li>\n<li>Los <em>focus groups<\/em> son reuniones en grupo en las que se lleva a cabo una discusi\u00f3n moderada para sacar informaci\u00f3n acerca de las necesidades de los usuarios.<\/li>\n<li>Las encuestas son m\u00e9todos de bajo coste y de respuesta inmediata en las que se pueden preguntar inquietudes concretas acerca del proyecto.<\/li>\n<\/ul>\n<p><\/p>","protected":false},"excerpt":{"rendered":"<p>9.4. El dise\u00f1o digital centrado en el usuario: User Experience (UX) 9.4.3. T\u00e9cnicas de ux para conocer al usuario Las entrevistas cara a cara, cuyo objetivo es conseguir la mayor cantidad de informaci\u00f3n posible acerca de los h\u00e1bitos del usuario relacionados con lo que se est\u00e1 ofreciendo, ayudan a entender qu\u00e9 necesidades son las que [&hellip;]<\/p>\n","protected":false},"author":1,"featured_media":0,"parent":0,"menu_order":0,"comment_status":"closed","ping_status":"closed","template":"","meta":[],"acf":[],"_links":{"self":[{"href":"http:\/\/disseny.recursos.uoc.edu\/recursos\/dis-marca\/wp-json\/wp\/v2\/pages\/1006"}],"collection":[{"href":"http:\/\/disseny.recursos.uoc.edu\/recursos\/dis-marca\/wp-json\/wp\/v2\/pages"}],"about":[{"href":"http:\/\/disseny.recursos.uoc.edu\/recursos\/dis-marca\/wp-json\/wp\/v2\/types\/page"}],"author":[{"embeddable":true,"href":"http:\/\/disseny.recursos.uoc.edu\/recursos\/dis-marca\/wp-json\/wp\/v2\/users\/1"}],"replies":[{"embeddable":true,"href":"http:\/\/disseny.recursos.uoc.edu\/recursos\/dis-marca\/wp-json\/wp\/v2\/comments?post=1006"}],"version-history":[{"count":7,"href":"http:\/\/disseny.recursos.uoc.edu\/recursos\/dis-marca\/wp-json\/wp\/v2\/pages\/1006\/revisions"}],"predecessor-version":[{"id":1197,"href":"http:\/\/disseny.recursos.uoc.edu\/recursos\/dis-marca\/wp-json\/wp\/v2\/pages\/1006\/revisions\/1197"}],"wp:attachment":[{"href":"http:\/\/disseny.recursos.uoc.edu\/recursos\/dis-marca\/wp-json\/wp\/v2\/media?parent=1006"}],"curies":[{"name":"wp","href":"https:\/\/api.w.org\/{rel}","templated":true}]}}