{"id":1003,"date":"2019-07-09T10:28:02","date_gmt":"2019-07-09T10:28:02","guid":{"rendered":"http:\/\/disseny.recursos.uoc.edu\/recursos\/dis-marca\/?page_id=1003"},"modified":"2019-07-10T09:29:25","modified_gmt":"2019-07-10T09:29:25","slug":"9-tipus-de-publicacions-digitals-9","status":"publish","type":"page","link":"http:\/\/disseny.recursos.uoc.edu\/recursos\/dis-marca\/9-tipus-de-publicacions-digitals-9\/","title":{"rendered":"9. Tipos de publicaciones digitales"},"content":{"rendered":"<p><\/p>\n<h3 class=\"p1\">9.4. El dise\u00f1o digital centrado en el usuario: <i>User Experience <\/i>(UX)<\/h3>\n<h3 class=\"p1\">9.4.2. Principios del dise\u00f1o centrado en el usuario<\/h3>\n<ul>\n<li>Entender las necesidades de los usuarios, conocer qu\u00e9 personas son las que van a hacer uso del producto y las condiciones y el soporte en el que ser\u00e1 visualizado, para poder tenerlo en cuenta a la hora de dise\u00f1arlo.<\/li>\n<li>Durante el dise\u00f1o y desarrollo,\u00a0es conveniente contar con la ayuda de los usuarios para poder conseguir la mayor informaci\u00f3n posible. Involucr\u00e1ndoles, podemos obtener informaci\u00f3n muy importante para valorar soluciones a problemas que vayan surgiendo e incluso conseguir nuevas propuestas de dise\u00f1o.<\/li>\n<li>No hay que equivocarse a la hora de entender el t\u00e9rmino \u00abusabilidad\u00bb. Que un producto tenga una usabilidad aceptable no quiere decir que sea excesivamente sencillo, sino que, a la hora de dise\u00f1arse, se ha tenido en cuenta el perfil de la persona a la que va dirigido, el contenido que quiere comunicar y la respuesta que pretende conseguir del usuario.<\/li>\n<\/ul>\n<p><\/p>","protected":false},"excerpt":{"rendered":"<p>9.4. El dise\u00f1o digital centrado en el usuario: User Experience (UX) 9.4.2. Principios del dise\u00f1o centrado en el usuario Entender las necesidades de los usuarios, conocer qu\u00e9 personas son las que van a hacer uso del producto y las condiciones y el soporte en el que ser\u00e1 visualizado, para poder tenerlo en cuenta a la [&hellip;]<\/p>\n","protected":false},"author":1,"featured_media":0,"parent":0,"menu_order":0,"comment_status":"closed","ping_status":"closed","template":"","meta":[],"acf":[],"_links":{"self":[{"href":"http:\/\/disseny.recursos.uoc.edu\/recursos\/dis-marca\/wp-json\/wp\/v2\/pages\/1003"}],"collection":[{"href":"http:\/\/disseny.recursos.uoc.edu\/recursos\/dis-marca\/wp-json\/wp\/v2\/pages"}],"about":[{"href":"http:\/\/disseny.recursos.uoc.edu\/recursos\/dis-marca\/wp-json\/wp\/v2\/types\/page"}],"author":[{"embeddable":true,"href":"http:\/\/disseny.recursos.uoc.edu\/recursos\/dis-marca\/wp-json\/wp\/v2\/users\/1"}],"replies":[{"embeddable":true,"href":"http:\/\/disseny.recursos.uoc.edu\/recursos\/dis-marca\/wp-json\/wp\/v2\/comments?post=1003"}],"version-history":[{"count":6,"href":"http:\/\/disseny.recursos.uoc.edu\/recursos\/dis-marca\/wp-json\/wp\/v2\/pages\/1003\/revisions"}],"predecessor-version":[{"id":1159,"href":"http:\/\/disseny.recursos.uoc.edu\/recursos\/dis-marca\/wp-json\/wp\/v2\/pages\/1003\/revisions\/1159"}],"wp:attachment":[{"href":"http:\/\/disseny.recursos.uoc.edu\/recursos\/dis-marca\/wp-json\/wp\/v2\/media?parent=1003"}],"curies":[{"name":"wp","href":"https:\/\/api.w.org\/{rel}","templated":true}]}}